 Calculate s(124).
-125
Let p(c) = 3*c**3 + 3*c**2 - 8198*c + 40989. What is p(5)?
449
Let o(u) = 1883*u - 26042. Calculate o(14).
320
Let m(q) = -57*q - 129. What is m(-1)?
-72
Let s(l) = -996379*l - 24909474. Give s(-25).
1
Let q(u) = u**3 + 350*u**2 - 10142*u - 213. Give q(27).
786
Let i(m) = -271*m**2 - 10637*m - 2650. Determine i(-39).
2
Let a(i) = 20930*i - 146131. Determine a(7).
379
Let b(u) = -u**3 + 21*u**2 + 92*u + 189. Calculate b(25).
-11
Let u(i) = 3*i**2 - 790*i - 9622. Give u(275).
3
Let u(t) = 48580*t - 485782. What is u(10)?
18
Let r(x) = -3*x**2 - 419*x + 3716. Calculate r(-148).
16
Let g(c) = c**3 - 115*c**2 + 19*c - 14853. Determine g(116).
807
Let m(v) = 9*v**2 + 2402*v + 46468. Calculate m(-21).
-5
Let v(t) = -3*t**3 - t**2 - 244*t + 52. What is v(0)?
52
Let p(g) = 2*g**2 + 1083*g - 468880. Determine p(284).
4
Let y(o) = -7*o**3 - 1446*o**2 + 2083*o + 583. What is y(-208)?
-41
Let f(i) = 6*i**3 + 1139*i**2 - 254*i - 12178. Calculate f(-190).
-18
Let b(k) = -150*k**3 - k**2 + 48*k - 87. Calculate b(2).
-1195
Let z(v) = 3*v**2 + 82*v + 1463. Determine z(-16).
919
Let r(t) = 165*t + 1346. What is r(4)?
2006
Let q(d) = d**3 + 28*d**2 + 50*d - 68. Give q(-6).
424
Let y(s) = -2*s**3 - 110*s**2 - 116*s + 659. What is y(-54)?
1091
Let l(w) = -2*w**3 + 244*w**2 - 6007*w + 7903. Calculate l(32).
-1
Let f(k) = -11*k**3 + 363*k**2 - 350*k - 35. Calculate f(32).
29
Let o(r) = 6*r**3 - 484*r**2 - 152*r + 5. Calculate o(81).
815
Let o(z) = -793*z - 401255. Determine o(-506).
3
Let b(p) = -p**2 - p - 89. What is b(11)?
-221
Let g(z) = z**3 + 31*z**2 - 12035*z - 373067. Calculate g(-31).
18
Let b(h) = -34*h**2 - 1928*h - 1361. Calculate b(-56).
-17
Let i(h) = 3*h**3 - 28*h**2 + 23*h + 140. What is i(3)?
38
Let a(x) = -295*x + 10254. What is a(33)?
519
Let w(o) = -o**2 - 5248*o + 73662. What is w(14)?
-6
Let v(b) = -3461*b - 40764. Determine v(-12).
768
Let x(w) = w**2 + 129*w - 406. Give x(-129).
-406
Let k(l) = l**3 + 68*l**2 - 135*l + 371. What is k(-70)?
21
Let v(p) = 3*p**2 + 1085*p + 2166. Give v(-2).
8
Let w(l) = 89*l**2 - 5956*l - 422. Give w(67).
47
Let p(f) = -2*f**3 - 88*f**2 - 449*f - 15614. What is p(-43)?
-5
Let v(c) = -14*c**2 + 302*c - 425. Give v(17).
663
Let u(y) = -748*y**2 - 14461*y - 4730. Give u(-19).
1
Let j(z) = 105*z**2 + 138*z + 424. Give j(-3).
955
Let a(m) = 9037*m + 1482078. Give a(-164).
10
Let z(i) = 2*i**3 - 258*i**2 + 3570*i + 744. Give z(16).
8
Let g(m) = 534*m - 5501. Give g(12).
907
Let k(b) = b**3 + 28*b**2 + 330*b + 779. Give k(-3).
14
Let o(k) = -k**3 - 22*k**2 + 59*k + 13. Calculate o(3).
-35
Let r(n) = -842*n + 229032. Determine r(272).
8
Let y(d) = d**3 + 90*d**2 + 187*d + 2226. Determine y(-88).
1258
Let x(q) = -9*q**3 + 1781*q - 8858. Give x(5).
-1078
Let x(m) = -85315*m + 75162518. Calculate x(881).
3
Let k(c) = 616*c + 3853. Determine k(-8).
-1075
Let a(o) = 2*o**3 - 215*o**2 + 533*o - 605. Calculate a(105).
235
Let p(g) = -2*g**3 + 31*g**2 + 12*g - 287. Calculate p(13).
714
Let p(q) = -4*q**3 - 14*q**2 + 72*q + 178. Give p(-9).
1312
Let k(o) = o**3 - 32*o**2 + 280*o - 438. What is k(15)?
-63
Let c(h) = h**3 + 161*h**2 - 663*h + 582. Give c(-165).
1077
Let l(o) = 127*o**3 - 2685*o - 2683. Determine l(-1).
-125
Let o(i) = i**2 - 270200*i + 1350979. What is o(5)?
4
Let q(v) = 2*v**2 - 5935*v + 29626. Calculate q(5).
1
Let o(w) = -150863*w - 754316. Calculate o(-5).
-1
Let f(w) = -326*w**2 - 1132*w - 3398. What is f(-3)?
-2936
Let u(x) = 1348*x + 9576. What is u(-7)?
140
Let l(o) = -10*o**2 + 758*o + 222. Determine l(76).
70
Let t(d) = d**3 - 2*d**2 + 30*d + 137. Calculate t(-3).
2
Let q(j) = -j**2 - 12781*j - 306222. Determine q(-24).
-54
Let a(y) = -y**2 + 6852*y + 82238. What is a(-12)?
-130
Let y(l) = -11*l**2 - 7887*l + 31528. Give y(4).
-196
Let b(x) = x**3 - 3*x**2 - 77*x - 60. What is b(8)?
-356
Let d(t) = 229*t**3 - 3*t**2 + 40*t - 38. Calculate d(1).
228
Let c(s) = -616*s**3 + 611*s**2. Determine c(1).
-5
Let k(t) = 6*t**3 - 9*t**2 - 3*t + 171. Give k(7).
1767
Let g(p) = -11*p**2 + 6505*p - 28142. Determine g(587).
34
Let g(d) = 4*d**3 + 991*d**2 + 810*d - 182. Determine g(-1).
-5
Let j(d) = 46*d - 157. Determine j(-4).
-341
Let q(y) = -42448*y - 24110469. What is q(-568)?
-5
Let x(v) = -3321*v - 42997. Calculate x(-13).
176
Let c(h) = h**2 - 40972*h - 327841. Give c(-8).
-1
Let s(n) = 19980*n + 359120. Determine s(-18).
-520
Let g(r) = -r**3 + 2*r**2 - 1778*r - 7118. What is g(-4)?
90
Let u(o) = -11*o + 759. What is u(-35)?
1144
Let g(d) = -34177*d - 683513. Determine g(-20).
27
Let z(l) = -21*l**2 + 434*l - 1611. Give z(5).
34
Let w(o) = -59*o + 2057. Determine w(47).
-716
Let i(x) = 12874*x - 64366. Give i(5).
4
Let u(f) = 4*f**2 + 5237*f + 593307. Calculate u(-1184).
123
Let s(j) = j**3 + 99*j**2 - 88*j + 168. Calculate s(-100).
-1032
Let s(g) = -g**3 + 177*g**2 + 925*g + 118. Determine s(-5).
43
Let s(v) = 2*v**3 + 177*v**2 + 1331*v + 266020. Determine s(-96).
4
Let f(z) = 551*z - 1837. Give f(10).
3673
Let k(r) = -1247*r + 23839. Determine k(19).
146
Let f(w) = w**3 + 206*w**2 + 2137*w - 4. Determine f(-11).
84
Let h(m) = -2*m**3 + 104*m**2 - 570*m + 76. Determine h(6).
-32
Let c(d) = -3*d**3 - 767*d**2 + 2636*d - 919. What is c(3)?
5
Let m(s) = 4*s**2 + 548*s - 407630. Determine m(258).
10
Let z(n) = 3*n**3 + 274*n**2 - 195*n - 908. Give z(-92).
104
Let o(a) = -126*a + 5120. Calculate o(36).
584
Let h(w) = 2465*w + 19632. Calculate h(-8).
-88
Let i(h) = -11439*h + 2356440. Calculate i(206).
6
Let p(x) = 2320*x + 88174. What is p(-38)?
14
Let s(i) = -35*i**3 - 105*i**2 - 436*i - 1296. What is s(-3)?
12
Let p(y) = 1900*y**2 + 11274*y - 48. What is p(-6)?
708
Let s(y) = y**3 - 39*y**2 + y - 128. Calculate s(39).
-89
Let q(b) = -25*b**3 - 122*b**2 + 25*b + 21. What is q(-5)?
-29
Let h(j) = 15*j**3 + 152*j**2 + 348*j + 5. Calculate h(-7).
-128
Let w(u) = u**2 + 33556*u - 4210114. Calculate w(125).
11
Let o(i) = -70*i - 8010. Give o(-114).
-30
Let s(v) = -13*v**3 - 239*v**2 + 182*v + 49. What is s(-18)?
-4847
Let k(r) = 61*r**2 + 24588*r - 24587. Give k(1).
62
Let u(b) = -b**3 + 23*b**2 + 48*b - 98. Calculate u(25).
-148
Let q(u) = -20*u**2 + 3973*u + 198489. Calculate q(240).
9
Let u(g) = 2*g**3 - 58*g**2 + 514*g + 271. What is u(14)?
1587
Let u(k) = -k**3 - 26*k**2 - 127*k + 37. What is u(-26)?
3339
Let x(u) = 673*u + 8189. What is x(-11)?
786
Let p(f) = 2*f**2 - 637*f - 138095. What is p(-148)?
-11
Let r(x) = -9368*x - 37514. Calculate r(-4).
-42
Let o(b) = b**2 + 49*b - 4695. Determine o(42).
-873
Let q(k) = 9110*k + 737909. Determine q(-81).
-1
Let w(z) = -5*z**3 - z**2 + 132*z - 261. What is w(2)?
-41
Let k(j) = j**2 - 110*j - 23035. Calculate k(216).
-139
Let w(a) = 2*a**2 + 1196*a + 146548. Calculate w(-426).
4
Let d(l) = 213*l**2 + 1634*l - 562. What is d(-8)?
-2
Let y(i) = i**3 - i**2 - 744*i + 2996. Determine y(4).
68
Let t(p) = -6*p**3 - 424*p**2 - 2891*p + 428. Calculate t(-63).
-13
Let x(b) = b**3 + 103*b**2 + 22*b - 773. Calculate x(-3).
61
Let f(o) = 6189*o - 37045. Give f(6).
89
Let z(j) = 613*j**2 + 31263*j + 8. Determine z(-51).
8
Let q(j) = -2551*j - 248131. Give q(-97).
-684
Let z(g) = g**3 + 4*g**2 - 1644*g - 10074. Determine z(-6).
-282
Let a(i) = i**3 - 1239*i**2 - 32917*i - 705. Give a(-26).
-3
Let b(c) = 2755*c - 178996. What is b(65)?
79
Let m(u) = u**3 + 65*u**2 - 216*u - 1382. Give m(-68).
-566
Let n(i) = i**2 - 1108*i - 79987. Calculate n(-68).
-19
Let n(y) = 24*y**2 + 400*y - 156. Determine n(-20).
1444
Let f(c) = 5216*c + 156437. Give f(-30).
-43
Let q(g) = -79327*g + 5235591. Give q(66).
9
Let m(q) = 34310*q - 1852858. Give m(54).
-118
Let n(m) = -80*m**3 - 8317*m**2 + 316*m + 412. What is n(-104)?
-4
Let m(p) = 162607*p - 1626079. Calculate m(10).
-9
Let d(f) = -11872*f + 296819. Determine d(25).
19
Let z(m) = -m**3 - 46*m**2 - 10*m - 469. Calculate z(-46).
-9
Let m(f) = -56078*f - 168237. Give m(-3).
-3
Let l(x) = 1284*x + 1281. Give l(-1).
-3
Let w(v) = -v**3 - 47*v**2 - 468*v - 384. Calculate w(-12).
192
Let s(o) = 722*o + 15392. What is s(-18)?
2396
Let i(y) = -4*y**3 - 3*y**2 - 19*y - 130. Calculate i(0).
-130
Let n(a) = 2445*a - 53218. Calculate n(22).
572
Let s(a) = 2*a**3 - 56*a**2 - 3831*a + 309. What is s(-32)?
21
Let o(w) = -17*w**2 - 3